mposite?
True
Suppose -4*q = -20, -i + 7 = 3*q - 10. Let z(l) = 813*l**3 + l**2 + l - 7. Is z(i) a prime number?
False
Is 21800/25 + 1*-1 composite?
True
Suppose 4*h + 13641 = 8*h + a, 5*a - 25 = 0. Is h composite?
True
Let u be ((-3550)/8)/((-6)/24). Suppose -l + 1232 = b, -3*b + 1897 = -3*l - u. Suppose -5*h + h + b = 0. Is h composite?
False
Let k(x) = -x + 14. Let q be k(-13). Suppose 4*a + q = 11. Is a/(-8)*(2305 + -3) composite?
False
Let x(g) = 15*g + 8. Let k be x(14). Let y = 79 + -142. Let r = y + k. Is r a prime number?
False
Let k(u) = -u**2 + 19*u - 2. Let d be k(14). Is d/(-8)*76/(-2) composite?
True
Suppose b - 60*h + 59*h = 39133, -b + 39145 = 2*h. Is b a prime number?
False
Let y = 4269 + -7333. Let d = y + 4541. Is d a composite number?
True
Let m(k) = k**2 - 15*k - 31. Let a be m(17). Suppose -2588 - 2707 = -a*l. Is l a prime number?
False
Let t(y) = 6*y + 2. Let c be t(-2). Let b(p) be the third derivative of -p**6/120 - 2*p**5/15 - p**4/2 - 13*p**3/6 - 133*p**2. Is b(c) a composite number?
False
Suppose 0 = -y + 10 + 5. Let o(g) = -1. Let l(u) = -u**2 + 15*u + 6. Let s(q) = l(q) - o(q). Is s(y) prime?
True
Let n(d) = d**3 - d**2 - 1. Let w(k) = 2*k**3 - 3*k + 9. Let x(g) = 4*n(g) + w(g). Is x(6) a composite number?
True
Suppose -5*k + 50 + 15 = 0. Let x be (-2)/k + 201/39. Suppose 0 = x*m + 2*l - 2675, 5*l - 535 = -3*m + 2*m. Is m a prime number?
False
Suppose -20 = -4*w - w. Suppose 0 = w*o - 0*o - 812. Is o a composite number?
True
Suppose -b + 1753 = 4*v, -v + 2462 = 4*b - 4580. Suppose 29*f = 32*f - b. Is f a prime number?
True
Is 10/(-50) - 1200108/(-15) a composite number?
True
Let x = -5835 - -9414. Is x/7 + 0 + (-2)/7 a prime number?
False
Is 1023808/36 - 9/81 a prime number?
True
Let x(g) be the third derivative of -91*g**5/60 + g**4/8 - 2*g**3/3 - 11*g**2. Let u be x(-3). Let p = -285 - u. Is p a prime number?
True
Let g = 4480 + 9793. Is g a composite number?
True
Let k be (0 + 2)*15/3. Suppose -4*a + 5*g + 15 = -10, 0 = 2*g + k. Is a/1 + 139/1 a composite number?
False
Suppose z = -3*i + 11, -3*i - i = -4*z + 12. Suppose 2*g + 2*g - 3457 = z*p, -2*g + 1725 = p. Is g a prime number?
True
Let z(i) = i**3 - 5*i**2 + 2*i - 5. Let d be z(5). Suppose -5*a + 4*u = 0, -2*a + d*u = -0*a - 17. Is (-1174)/a + 9/6 a composite number?
True
Let k = 11 - 5. Let o be 817/2 - k/4. Let r = 700 - o. Is r a composite number?
False
Let g(u) = -66*u**3 + 4*u**2 + 15*u + 12. Is g(-5) a prime number?
True
Let h = -34 - -257. Is h prime?
True
Let s(g) = g - 6. Suppose -2*j + 22 + 2 = 0. Let m be s(j). Suppose -l - 512 = -4*z, -3*z + l + 361 = m*l. Is z a composite number?
False
Suppose 4*g = -4*y + 1831 - 35, -2227 = -5*y + g. Is y a prime number?
False
Suppose -48 = 3*a - 6*a. Let f = a + -11. Suppose -f*j - 36 + 421 = 0. Is j prime?
False
Suppose 0 = 3*u - 5*k - 2288, -8*k = -u - 3*k + 746. Is u a prime number?
False
Let d(a) = -3*a + 9. Suppose -5*l - 34 = -14. Let n be d(l). Suppose n = s - 142. Is s a prime number?
True
Suppose 7*o - 107085 - 22786 = 0. Is o composite?
False
Suppose r + 14814 = 2*w, -14826 = -2*w + 18*r - 20*r. Is w a composite number?
True
Let d(y) = 443*y - 96. Is d(5) a prime number?
False
Suppose 5*j - 135 = -4*v, 2*j = -v - 3*j + 45. Is v/10 - (1 - 307) a prime number?
False
Let v(b) = -b + 46*b**2 - 44*b**2 + 2 + b. Suppose -p = 3 + 3. Is v(p) composite?
True
Suppose 19*w = 18*w + 4. Suppose 0*h = j + 2*h - 29, 96 = w*j + 4*h. Is j prime?
True
Suppose r - 3*z = 707, 3*r + 4*z - 2718 = -545. Is r prime?
True
Is (9/(-144)*-4)/(1/320668) a prime number?
True
Is 62265/12 - 5/(-20) prime?
True
Suppose 44*o - 40*o - 72 = 0. Suppose 0 = -o*g + 14*g + 8420. Is g a composite number?
True
Let p = -22 + 12. Let h = p - -11. Is (-1)/h*469/(-7) a composite number?
False
Let m = -128 - -125. Is ((-3291)/((-9)/m))/(-1) a prime number?
True
Let p(r) = r**3 + 5*r**2 + 2*r + 12. Let l be p(-5). Suppose b + l - 473 = 2*i, -506 = -b - 5*i. Is b a prime number?
False
Suppose 0 = -3*f + 5*c - 6, -2 = 4*f - 3*c + 6. Let t = 2 + f. Suppose g - 2*g - 4 = t, -2*g = -5*q + 443. Is q a prime number?
False
Let f(m) = 5*m**3 + 7*m**2 + 8*m + 13. Is f(12) a prime number?
False
Let v(t) = -t**2 - 7*t - 14. Let q be v(-4). Is ((-30 - q)/(4/(-214)))/2 composite?
True
Let s be ((-15)/35)/(3/(-21)). Suppose 36 = s*b - 681. Is b prime?
True
Let m(v) = -v**3 + 12*v**2 - 10*v - 10. Let a be m(11). Suppose 0 = 4*l - a - 51. Is l/3*(29 + 4) prime?
False
Let u be 4/16*4*3. Suppose 5*l + 2*a = a - 2, -u*l - a = 0. Is -1*l/(2/526) composite?
False
Let w(h) = h**3 - 15*h**2 + 6*h - 11. Let m be w(15). Let b = -425 - m. Let j = 911 + b. Is j a prime number?
False
Let c = -42880 + 115413. Is c prime?
True
Let b(n) = -156*n**2. Let z be b(-2). Let w = z + 1145. Is w a prime number?
True
Let l(r) = -21*r**2 - 9*r + 11. Let a(g) = -63*g**2 - 27*g + 32. Let q(y) = -6*a(y) + 17*l(y). Is q(3) composite?
False
Suppose 7*f + 48 = f. Let n(j) = 17*j**2 + 11. Is n(f) composite?
True
Suppose 0 = -4*u + u + 4*d + 3267, -3 = d. Let w = -690 + u. Suppose 2*t + 740 = 4*j, 4*t = 4*j - w - 345. Is j a composite number?
True
Let l(k) = k**2 - 12*k + 17. Let y(j) = -13*j. Let t be y(-1). Let a be l(t). Suppose -898 = -4*s - a. Is s prime?
False
Let r be 4/(-18) + (-22)/(-18). Let k be ((-20)/6)/(r/6). Is 16/k - (-6297)/15 a composite number?
False
Is (2 - (-9 - -8)) + 99040 a prime number?
False
Suppose -2*p - 40 = -3*x + 10, -2*x + 29 = 3*p. Let y = x + -14. Suppose y*g - 1627 = -513. Is g a prime number?
True
Suppose -167 - 13 = -30*c. Suppose 744 = 4*m - 0*m - 2*b, b = -4. Suppose m = c*a - 2*a. Is a composite?
True
Let m be (-1)/(4/(-22))*1474. Let l = m - 1862. Is l prime?
False
Suppose -3*r = -h + 6*h - 86854, -86857 = -5*h - 4*r. Is h prime?
False
Suppose 7*p - 2*p = 4*a + 101407, -81104 = -4*p - 4*a. Is p prime?
False
Let v(j) = 25*j**2 + 4*j + 1. Let k be v(-2). Suppose 0 = -2*h - 5*o + 451, h - k = -2*o + 132. Is h composite?
False
Let w(m) = -42*m + 1. Let b(a) = a**2 + 4*a - 11. Let s be b(-5). Is w(s) a prime number?
False
Suppose 9844 + 206 = 30*u. Is u a prime number?
False
Let k be 19/7 - 6/(-21). Suppose 4*d - 37 = b, b - 14 = -2*d - k*b. Is d prime?
False
Suppose -2*x + 19 = -17. Let y = 2 + x. Is y/10 + (-1 - -88) a prime number?
True
Let r = 8375 - 576. Is r a composite number?
True
Let o(d) = 9*d + 4. Let g be o(-2). Is 7341*(-2)/g - (-6)/21 a prime number?
True
Suppose -47 = g - 2*g. Let n(q) = 5*q - 42. Let u be n(16). Let s = u + g. Is s a prime number?
False
Suppose -5*f + f - 9311 = -5*w, -f + 3714 = 2*w. Suppose 2*h + w - 5173 = 0. Is h prime?
True
Let p(o) = -44*o**3 - 4*o**2 + 8*o + 9. Let h be p(-5). Suppose 10*s - h + 439 = 0. Is s composite?
True
Let c be 375/(-6 - -3) - 4. Let x = 182 + c. Is x a prime number?
True
Suppose 7*d = 2*d + 10. Suppose -64 = -3*n - w, -23*w + 24*w = n - 24. Is (n/(-33))/(d/(-477)) a composite number?
True
Suppose -2*x - 15 = 2*x - 5*l, -4*x = l - 3. Let z(s) = -s + 157. Let g(k) = 2*k - 157. Let h(a) = 2*g(a) + 3*z(a). Is h(x) composite?
False
Let x = -22690 + 50555. Is x a composite number?
True
Suppose -230*r - 161060 = -250*r. Is r a composite number?
False
Let p = -23 - -27. Suppose 0 = -2*v - 2, 2*m + 0*v - 16 = p*v. Is 1 + 2 - (-326 + m) prime?
False
Is (-1262*1)/((-10)/(2 + 3)) composite?
False
Let n(o) = -o**3 + 10*o**2 + o - 23. Let k = 7 - 0. Is n(k) a composite number?
False
Let n = 2800 + -5221. Let t be -1*2*n/(-6). Let u = t - -1229. Is u composite?
True
Let r be (-3)/12 + (-154)/(-8). Let z = r + -17. Let y(j) = 95*j - 3. Is y(z) a composite number?
True
Suppose -f = -5*s + 4*f + 15, -3*s + 8 = -4*f. Suppose 289 = 2*q - 2*y - 1825, -3*q + s*y = -3171. Suppose 0 = b - 5*c - 189, -c = 4*b - q + 259. Is b prime?
True
Suppose -u - n + 4 = -2*u, 3*u + 12 = -3*n. Let j(l) = -2*l**3 - 4*l**2 + 6*l - 6. Is j(u) a composite number?
True
Let f(h) = 327*h**2 + 7*h. Let z be f(-3). Suppose -5*a + 8*a - o = 4408, -z = -2*a + 4*o. Is a a composite number?
False
Let u(k) = k**3 + 13*k**2 + 11*k - 7. Let w be u(-12). Suppose 0 = 4*y - 5*n - 674, w*n - 256 = 3*y - 764. Let v = 85 + y. Is v a composite number?
False
Suppose -4*r + 6 = -6. Suppose -r*t + d + 7 = -7, 2*d = -t. Suppose t*p + 0*o - 452 = 5*o, 0 = -